
List the prime factors of 247 + 2*(-1 - -2).
3, 83
Let z(l) = 57*l**3 + l. Let y be 3*(-2)/(-30)*5. List the prime factors of z(y).
2, 29
Let p(f) = f**2 + 8*f + 4. Let x be p(-6). Let v = -6 - x. What are the prime factors of v?
2
Suppose 0*m - 15 = -m - 3*p, -p = 2*m - 10. Suppose -2*b + 6*i = 3*i - 87, m*i - 270 = -5*b. List the prime factors of b.
3, 17
Let z(t) = -t**2 + 9*t + 13. Let x be 2/(-8) - 82/(-8). Let c be z(x). Suppose 0 = c*f - 3*g - 63, f - 2*f - g + 23 = 0. What are the prime factors of f?
2, 11
Let y(l) = 21*l**3 + 5*l**2 + 4*l + 8. What are the prime factors of y(3)?
2, 79
Suppose -4*d + 6 - 10 = 0. Let u be 202/(d - (0 - 3)). Suppose -84 = -5*t + 3*h, 5*t + 14 = 4*h + u. What are the prime factors of t?
3, 5
Suppose k + 0*k + 27 = -2*c, -3*k = 3*c + 45. Let h be 366/36 + 2/c. Suppose -u + 5*o + 23 = 0, h = -9*o + 4*o. What are the prime factors of u?
13
Let c(z) = -z**2 + 5*z - 4. Let q be c(4). Suppose -3*u - f - 26 = q, 0*u - 2*f + 47 = -5*u. Let g = u - -33. What are the prime factors of g?
2, 3
Suppose 3*a + 260 = s - 511, 2*s - 1552 = a. List the prime factors of s.
3, 7, 37
Let o = -13 + 16. List the prime factors of 4*(20/5 + o).
2, 7
Suppose 0 = 5*a + 5*o - 2*o + 20, 2*a + 3*o = 1. Let x(p) = 2*p**2 + 6*p - 8. Let w be x(a). List the prime factors of ((-18)/4)/((-4)/w).
2, 3
Let v(l) = 1364*l**2 + 4*l - 2. List the prime factors of v(1).
2, 683
Let b(f) = 32*f + 16. Let q be b(7). Let g = q + -116. What are the prime factors of g?
2, 31
Let p(b) = b + 1. Let s(d) = -10*d - 5. Let q(y) = -36*p(y) - 4*s(y). What are the prime factors of q(6)?
2
Let p = 2327 - 1216. List the prime factors of p.
11, 101
Suppose -4*d - 115 + 103 = 0, -d + 301 = 4*i. What are the prime factors of i?
2, 19
Let x(h) = 41*h**2 + 7*h + 58. List the prime factors of x(-4).
2, 7
Suppose -5*t - 36 = -1. Let f = 38 + t. Suppose -20 = -3*c + f. What are the prime factors of c?
17
Let a(y) = y**3 + 11*y**2 - 9*y - 1. Let p = 130 - 141. List the prime factors of a(p).
2, 7
Let r be (-3)/(3*(0 - 1)). Let l = r + 3. List the prime factors of -38*l/((-8)/2).
2, 19
Suppose -6*g + 4*g = -44. Let z be 4/g - 81/(-99). Let a(o) = 17*o - 2. List the prime factors of a(z).
3, 5
Let p(x) = 2*x**3 + 8*x**2 + 20*x + 30. Let i be p(-6). List the prime factors of (-1894)/(-18) - (-52)/i.
3, 5, 7
List the prime factors of ((-35)/(-56))/(2/(-120))*-8.
2, 3, 5
Suppose 6*t - 10 = 14. Suppose -3*n - 15 = -t*l, 2*l + 0*l = 3*n + 15. Suppose -4*d + 5*c + l*c = -141, -2*c + 135 = 5*d. List the prime factors of d.
29
Let i be (-4)/2*(1 - -1 - 4). Suppose 0 = -a - i*a + 25, -a + 620 = 3*o. List the prime factors of o.
5, 41
Let s(y) = 21*y**2 - 54*y + 18. List the prime factors of s(15).
3, 19, 23
Suppose 0 = 3*y - 0*y + 18. List the prime factors of ((-25)/y*-2)/((-2)/30).
5
Suppose 9*n - 4583 = 718. List the prime factors of n.
19, 31
Suppose -5*k - 3*q - 830 = 0, 2*k - k + 2*q = -159. What are the prime factors of k/(-7) - 19/133?
2, 3
Suppose 0 = -11*z + 25 + 8. Suppose 2*p = -z*p + 10, -5*k - 4*p = -1058. List the prime factors of k.
2, 3, 5, 7
Suppose -6*p = -11*p - 20, -2*b - 4*p = -2594. List the prime factors of b.
3, 5, 29
Let w be (-1 + 2)/((-6)/(-258)). Let n = w - 3. List the prime factors of n.
2, 5
Suppose -8*d = -7*d - 16. Let v(i) = 47*i**2 + 6*i - d - 46*i**2 + 4*i. List the prime factors of v(-12).
2
Suppose -7*n - 1062 = -8*n - 5*b, 5262 = 5*n + b. What are the prime factors of n?
2, 263
Let w(a) = -43*a**3 - 4*a**2 - 6*a - 6. List the prime factors of w(-4).
2, 3, 11, 41
Let r = 42 - 25. Let z(p) = r*p - 8*p - p**2 + 0 + 8 + 3. What are the prime factors of z(8)?
19
Let w(k) = -4*k - 2. Let b = 32 - 35. What are the prime factors of w(b)?
2, 5
Suppose -1053 = -8*s + 3179. List the prime factors of s/5 - (4 + 21/(-5)).
2, 53
Suppose 4*s + 19 = 3, 5*q = 2*s + 18. Let h(j) = 4*j**3 + 2*j**2 - 4*j + 5. List the prime factors of h(q).
37
Let d(q) = 51*q + 13. Let o be d(-2). List the prime factors of (-16)/7 + (-6)/(-21) - o.
3, 29
Suppose -t = -6*t - 4*r + 5536, 0 = 5*t + 3*r - 5532. List the prime factors of t.
2, 3, 23
Let c = -1519 + 3501. List the prime factors of c.
2, 991
Let r(p) = -p**3 - 18*p**2 + 16*p - 41. Let t be r(-19). Suppose 5*w - 194 = t. List the prime factors of w.
2, 3, 7
Suppose -13*b - 18 = -5. Let w(u) = -7*u. Let q be w(1). Let n = b - q. List the prime factors of n.
2, 3
Suppose -37*x = -29419 - 10985. What are the prime factors of x?
2, 3, 7, 13
Suppose -105 - 3895 = -5*g. Suppose 9*n - 14*n = -g. List the prime factors of n.
2, 5
What are the prime factors of 3*1357*(14 + 451/(-33))?
23, 59
List the prime factors of 18/99 + 26959/11.
3, 19, 43
Suppose 0 = 10*s + 1327 + 93. What are the prime factors of s/((-10)/(-8)*4/(-10))?
2, 71
Suppose y = 4*y - 15. Suppose -4*u - 66 = -4*p + 374, 0 = -4*p - y*u + 458. List the prime factors of p.
2, 7
Suppose 0 = -f + 5*m + 9, -3*f - 5*m + 2*m = -9. Suppose 5*z = r + 1068, 2*z = f*z + r - 423. What are the prime factors of z?
3, 71
Let j be (-4)/((-4)/(-140)*-2). Suppose w + 11 = j. What are the prime factors of w?
59
Let l(k) = -648*k - 2*k**2 + 3*k**2 + 5*k**2 + 2 + 650*k. What are the prime factors of l(7)?
2, 5, 31
Suppose -2*h + 3 - 7 = 0. List the prime factors of -4*h/(-4) - -78.
2, 19
Let y = 383 + -206. Suppose 2*f + 5*c - 344 = -0*f, -5*c = f - y. What are the prime factors of f?
167
Suppose -13*m + 3328 = 4*r - 9*m, -4*m + 817 = r. List the prime factors of r.
3, 31
Let g be 4/(-8)*(0 - 0). Suppose -4 = -w - g*w. List the prime factors of (-18)/((w + -2)/(-4)).
2, 3
Let n = 2281 - 888. List the prime factors of n.
7, 199
Suppose -4*o + 4*f = -0*o - 5108, f + 2557 = 2*o. List the prime factors of o.
2, 5
Let k = -56 + 70. Suppose -8*n + k*n - 522 = 0. List the prime factors of n.
3, 29
Suppose -5*f - f + 54 = 0. Suppose f*w + 138 = 2856. List the prime factors of w.
2, 151
Let k = -3323 + 5884. List the prime factors of k.
13, 197
Suppose -3*b - 5*j + 4158 + 4905 = 0, 4*b + 2*j = 12084. What are the prime factors of b?
3, 19, 53
Suppose -5*l = 12 - 17. Let k(q) = -2*q**2 + 2*q - 2. Let a be k(l). List the prime factors of (5 + 0)/(a/(-4)).
2, 5
Let z(h) be the first derivative of -2 + 2*h**2 + 6*h - 9*h - 6*h. List the prime factors of z(7).
19
Suppose 4*q = -2*j + 22, 2 = -2*q - 0. Suppose 5*l - 35 = 5*p, -3*p - j = -0*p - l. Let x(r) = 2*r**2 + 3*r. What are the prime factors of x(p)?
3
Let i(v) = 2*v**3 - 10*v**2 + 4*v + 12. Let b be i(6). Suppose 5*q + 33 = b. List the prime factors of q.
3, 5
Suppose -99 = 2*z + z. Let u = -64 - -119. Let c = u + z. List the prime factors of c.
2, 11
Let d = -3109 + 4768. List the prime factors of d.
3, 7, 79
Let y(p) = -2*p**3 - 7*p**2 + 36*p + 2. What are the prime factors of y(-9)?
569
Let f(j) = 4*j - 10. Let w be f(-5). Suppose 0 = 2*p + 3*p + 40. Let i = p - w. List the prime factors of i.
2, 11
Suppose u - 698 = 489. List the prime factors of u.
1187
Let p(i) = -i**2 - 3*i + 1. Suppose 4*o + 13 + 11 = 0. Let b be p(o). Let q = 43 + b. List the prime factors of q.
2, 13
Suppose 0 = -2*t + 6*t - 1392. Suppose -4*j + 357 = 3*f, -3*f + t = j - 0*j. Suppose n = 6*n - f. List the prime factors of n.
23
Let v(w) = -w**3 - 14*w**2 - 25*w - 41. What are the prime factors of v(-17)?
3, 139
Let m be ((-16)/(-6) + -1)*3. Suppose m*y + 3*q = 140, 0 = y - 6*q + 3*q - 46. Let c = -5 + y. What are the prime factors of c?
2, 13
List the prime factors of (-117364)/(-61) - (1 - 1).
2, 13, 37
Let s(a) = -a**2 + 15*a - 17. Let i be s(14). What are the prime factors of ((-182)/(-39))/((-2)/i)?
7
Let f be ((-5)/(-10))/(2/4). Let n(d) = -16*d - f + 12 - 7. List the prime factors of n(-2).
2, 3
Let m = -468 - -234. Let u = -149 - m. List the prime factors of u.
5, 17
Let s(z) = -z**3 - 19*z**2 - 32*z - 103. What are the prime factors of s(-19)?
5, 101
Suppose 5*m - 7*m = -76. Suppose d - m = 83. List the prime factors of d.
11
Let l(a) = 2*a**3 - a**3 + 12*a**2 - 2*a + 9*a**2 - 15*a**2 + 5. Let j be (2/8 - -1)*-4. List the prime factors of l(j).
2, 5
Let y(w) = -w**3 + 34*w**2 - 21*w - 36. List the prime factors of y(17).
2, 5, 113
Let q be (0 - -2) + (-11)/11. Let r = q + 0. Let n = 3 - r. List the prime factors of n.
2
Let f = 4114 + -1019. List the p